 divided by 72?
61
What is the remainder when 1489091 is divided by 42545?
16
What is the remainder when 162976 is divided by 40719?
100
Calculate the remainder when 227055287 is divided by 385.
382
Calculate the remainder when 285763 is divided by 31717.
310
What is the remainder when 493178 is divided by 4883?
4878
What is the remainder when 84868 is divided by 84656?
212
Calculate the remainder when 3140268 is divided by 15244.
4
Calculate the remainder when 6348 is divided by 4969.
1379
Calculate the remainder when 49216 is divided by 4472.
24
Calculate the remainder when 2783995 is divided by 8.
3
Calculate the remainder when 73191 is divided by 24393.
12
Calculate the remainder when 3482794 is divided by 181.
173
What is the remainder when 164851 is divided by 818?
433
Calculate the remainder when 12950 is divided by 9212.
3738
What is the remainder when 14416968 is divided by 488?
472
Calculate the remainder when 338275 is divided by 67495.
800
What is the remainder when 42243872 is divided by 19?
13
Calculate the remainder when 2642890 is divided by 40.
10
What is the remainder when 4690880 is divided by 185?
20
Calculate the remainder when 28992 is divided by 28340.
652
What is the remainder when 9286 is divided by 1096?
518
Calculate the remainder when 778831 is divided by 2128.
2111
What is the remainder when 151501 is divided by 151381?
120
What is the remainder when 140796 is divided by 68068?
4660
Calculate the remainder when 88258 is divided by 31.
1
Calculate the remainder when 3301984 is divided by 20.
4
Calculate the remainder when 867501573 is divided by 81.
78
Calculate the remainder when 1892187 is divided by 4046.
2705
Calculate the remainder when 3989831 is divided by 498727.
15
What is the remainder when 607828 is divided by 1178?
1158
What is the remainder when 55551171 is divided by 3117?
3114
Calculate the remainder when 5371504 is divided by 83.
76
Calculate the remainder when 10865618 is divided by 28.
22
Calculate the remainder when 4550210 is divided by 47398.
2
What is the remainder when 57530043 is divided by 1150600?
43
What is the remainder when 59946 is divided by 1898?
1108
What is the remainder when 68476 is divided by 2232?
1516
What is the remainder when 56404 is divided by 626?
64
Calculate the remainder when 34701908 is divided by 14.
10
Calculate the remainder when 73278 is divided by 828.
414
What is the remainder when 5504094 is divided by 220162?
44
Calculate the remainder when 3419788 is divided by 122129.
176
Calculate the remainder when 180604 is divided by 59954.
742
Calculate the remainder when 5815248 is divided by 97.
1
Calculate the remainder when 2195380 is divided by 54881.
140
Calculate the remainder when 41600 is divided by 3463.
44
What is the remainder when 216420 is divided by 86?
44
What is the remainder when 52192511 is divided by 930?
911
Calculate the remainder when 3035309 is divided by 2451.
971
Calculate the remainder when 345569 is divided by 115.
109
Calculate the remainder when 1251413 is divided by 4.
1
Calculate the remainder when 1021171 is divided by 1020872.
299
Calculate the remainder when 647284 is divided by 6.
4
What is the remainder when 21367521 is divided by 196?
189
What is the remainder when 4780561 is divided by 24?
1
Calculate the remainder when 106043 is divided by 52996.
51
What is the remainder when 11289736 is divided by 53?
47
Calculate the remainder when 1027775 is divided by 146820.
35
Calculate the remainder when 972292 is divided by 486140.
12
What is the remainder when 79684 is divided by 659?
604
What is the remainder when 13586399 is divided by 459?
458
Calculate the remainder when 325994117 is divided by 415.
412
Calculate the remainder when 24248905 is divided by 11.
10
What is the remainder when 6835560 is divided by 2278517?
9
What is the remainder when 61394396 is divided by 102?
86
What is the remainder when 3372273 is divided by 428?
61
What is the remainder when 446849 is divided by 1179?
8
What is the remainder when 40530 is divided by 2726?
2366
Calculate the remainder when 506557 is divided by 14071.
1
What is the remainder when 12731127 is divided by 31?
16
What is the remainder when 501132 is divided by 100111?
577
What is the remainder when 10772528 is divided by 313?
7
What is the remainder when 453652 is divided by 34886?
134
Calculate the remainder when 60067763 is divided by 11.
8
Calculate the remainder when 14092131 is divided by 49.
25
Calculate the remainder when 383888230 is divided by 6552.
6550
What is the remainder when 27315 is divided by 77?
57
What is the remainder when 91910 is divided by 868?
770
Calculate the remainder when 18873285 is divided by 3877.
49
What is the remainder when 24066075 is divided by 12?
3
Calculate the remainder when 239818 is divided by 39967.
16
What is the remainder when 4133505 is divided by 96128?
1
What is the remainder when 55558930 is divided by 13889729?
14
Calculate the remainder when 1159194 is divided by 1050.
1044
What is the remainder when 10742415 is divided by 2148475?
40
Calculate the remainder when 32577019 is divided by 6289.
6288
Calculate the remainder when 24463084 is divided by 533.
516
Calculate the remainder when 247010 is divided by 35285.
15
Calculate the remainder when 278064 is divided by 356.
28
Calculate the remainder when 206625 is divided by 6508.
4877
What is the remainder when 616384 is divided by 39?
28
What is the remainder when 28212 is divided by 3955?
527
What is the remainder when 518531 is divided by 86212?
1259
What is the remainder when 5343294 is divided by 18812?
686
What is the remainder when 40241 is divided by 18744?
2753
What is the remainder when 5908156 is divided by 246164?
220
What is the remainder when 1729646 is divided by 6?
2
What is the remainder when 4685443 is divided by 769?
695
What is the remainder when 19517 is divided by 2634?
1079
What is the remainder when 1459675 is divided by 117?
100
Calculate the remainder when 9966167 is divided by 376.
287
Calculate the remainder when 7330477 is divided by 3665169.
139
Calculate the remainder when 2436 is divided by 1142.
152
Calculate the remainder when 61321 is divided by 5038.
865
Calculate the remainder when 1688823 is divided by 59.
7
Calculate the remainder when 63782 is divided by 61876.
1906
What is the remainder when 4540213 is divided by 12?
1
Calculate the remainder when 1146309 is divided by 4326.
4245
What is the remainder when 52666 is divided by 51407?
1259
Calculate the remainder when 3002734 is divided by 143.
20
Calculate the remainder when 53427 is divided by 26352.
723
Calculate the remainder when 10639051 is divided by 73.
31
Calculate the remainder when 458634 is divided by 18344.
34
Calculate the remainder when 28001 is divided by 9311.
68
What is the remainder when 116983020 is divided by 718?
716
Calculate the remainder when 1782444 is divided by 2330.
2324
Calculate the remainder when 204348 is divided by 12007.
229
Calculate the remainder when 918272 is divided by 53.
47
Calculate the remainder when 16613266 is divided by 803.
802
Calculate the remainder when 59613996 is divided by 50.
46
Calculate the remainder when 499752 is divided by 1262.
0
What is the remainder when 242201 is divided by 2264?
2217
What is the remainder when 15457 is divided by 1937?
1898
Calculate the remainder when 1650603 is divided by 621.
606
What is the remainder when 1623068 is divided by 359?
29
Calculate the remainder when 11460930 is divided by 4151.
19
What is the remainder when 41370 is divided by 10328?
58
What is the remainder when 72877633 is divided by 52?
49
Calculate the remainder when 526940 is divided by 8233.
28
What is the remainder when 2636620 is divided by 21263?
8
What is the remainder when 66112161 is divided by 2582?
51
What is the remainder when 781835 is divided by 58?
53
What is the remainder when 78295 is divided by 59?
2
What is the remainder when 2813323 is divided by 3133?
3022
What is the remainder when 12523430 is divided by 30?
20
Calculate the remainder when 77883 is divided by 38890.
103
What is the remainder when 371315 is divided by 135?
65
What is the remainder when 43215 is divided by 21317?
581
What is the remainder when 1178811 is divided 